v be d(b). Suppose v = 9*f - 394. What is the tens digit of f?
4
Suppose -1702*u + 1706*u - 8616 = 0. What is the units digit of u?
4
What is the hundreds digit of ((-1156200)/15)/(-8) + 4?
6
Let d(n) = -n**2 - 15*n - 14. Let b be d(-10). Let o = b + -26. What is the hundreds digit of (2 + 1)*(6600/9)/o?
2
Let z = 9406 + -3350. What is the thousands digit of z?
6
Let f(k) be the second derivative of 19*k**3/2 - 21*k**2/2 - 3*k - 1. What is the tens digit of f(3)?
5
Suppose -18*p + 43165 + 33587 = 0. Suppose -3968 = -14*l + p. What is the units digit of l?
8
Let l(w) = w**3 + 7*w**2 + 7*w + 4. Let d be l(-5). Suppose d*h - 520 = 17*h. Suppose -2*c - 1 = m - 68, 5*c + h = 5*m. What is the units digit of m?
7
Let q(x) be the second derivative of -x**5/20 - 11*x**4/12 + 19*x**3/3 + 20*x**2 - 192*x. What is the hundreds digit of q(-16)?
7
Let q(r) be the second derivative of 5*r**3/6 + 111*r**2 + 2*r + 1. What is the hundreds digit of q(0)?
2
Suppose -16 = -h + 3*z + 27, -4*z - 8 = 0. Let j be 930/20 - 2/4. Let a = j - h. What is the units digit of a?
9
Let k = -106 - -149. Suppose 45*j - k*j - 6 = 0. Suppose 4*v = -5*s + 210 + 73, -5*s - 221 = -j*v. What is the units digit of v?
2
Let b(t) = 3197*t**2 + 118*t + 215. What is the units digit of b(-2)?
7
Suppose -2*x + 0 = 130. Let q be (7 - 16/((-160)/675))*-2. Let v = x - q. What is the tens digit of v?
8
Let c(x) = -93*x - 16. Let d be c(-9). Let t = 1712 - d. What is the hundreds digit of t?
8
Suppose 18*x + 15609 = 61*x. Suppose -2*v + x = 59. What is the units digit of v?
2
Let x be 0 - 5 - (-1)/((-3)/(-6)). Let o(b) = 4 - 18*b - 3*b - 12*b. What is the units digit of o(x)?
3
Let x = 154 + -161. What is the units digit of 372/((-6)/1)*x?
4
Suppose -2*r = -5*m - 207, 5*m = 36*r - 37*r - 219. Let g be (-1 - 103)/((-2)/2). Let t = g + m. What is the tens digit of t?
6
What is the thousands digit of 3395 + (5 - 10) + 27/(-3)?
3
Let z = 1817 - -76. Suppose -20*f + z + 8287 = 0. What is the hundreds digit of f?
5
Let l(t) = 11*t + 16. Let k be l(7). Let j = k + -178. Let y = -35 - j. What is the units digit of y?
0
Let u(w) = w - 2. Let z be u(9). Let x = 9 - z. Suppose x*s = 5*s - 264. What is the tens digit of s?
8
Let p = 12 - 2. What is the units digit of p - 56/8 - -810?
3
Let h(x) = -x - 16. Let b(i) = 5*i - 28 - 9*i + i - 19. Let k(w) = 6*b(w) - 17*h(w). What is the units digit of k(-12)?
2
Suppose -9 = -5*b + 1. Let n be -149 + (1 - (2 - b)). Let c = 240 + n. What is the tens digit of c?
9
Let a be (1/2)/(((-14)/1828)/(-7)). Let h = a + 739. What is the units digit of h?
6
Suppose 9978 = 9*q - 9633. What is the units digit of q?
9
Let p(s) = s**3 + 18*s**2 - 4*s. Let x be p(-18). Let z = 74 - x. Suppose -3*n = 5*t - 542, 4*t + 0*t - 416 = z*n. What is the tens digit of t?
0
Let a(t) = 3*t**2 - 145*t + 511. What is the tens digit of a(57)?
9
Let t = -82 + 81. What is the hundreds digit of ((-22)/110)/(t/1445)?
2
Let w(u) = -2*u**2 + 33*u - 17. Let r be w(16). What is the tens digit of 4 - (-272 + r + 20/5)?
7
Suppose 2*x - k = 79, -3*x + 0*x + 151 = 5*k. Let m(a) = 3*a + 44*a**2 + 3 - 9*a**3 + 0 - x*a**2. What is the tens digit of m(-2)?
7
Let y be (-1)/3 + 172/12. Let u be -4 - ((-80)/y + (-10)/35). Suppose u*b - 891 = -5*t + 3*b, 4*b = t - 163. What is the hundreds digit of t?
1
Let l = -67 + 101. Let k = 36 - l. Suppose 0 = 2*q + 4*t - 206, k*q + q = -4*t + 315. What is the tens digit of q?
0
Suppose -2*c - 12*c + 49260 = -9*c. What is the hundreds digit of c?
8
Suppose 1 = 3*q + 10, -2*h + q = -41613. Suppose -74*v + 59*v = -h. What is the tens digit of v?
8
Let w be -2 + 11 - (2 - -1)/(-3). Let u(k) = 3*k - 25. Let n be u(w). Suppose 4*l - 277 = -d, 0 = -5*l + l - n*d + 265. What is the units digit of l?
0
Let x = -974 - -1527. Suppose -x - 82 = -5*b. What is the tens digit of b?
2
Let o(b) = -8*b**3 + 2*b**2 + 3*b - 4. Let g be o(-5). Let f = g - 145. What is the hundreds digit of f?
8
What is the tens digit of (-1)/(-5)*((-90)/36)/(1/(-15706))?
5
Let p(u) = -266*u + 3385. What is the units digit of p(-54)?
9
Let i(k) = 4*k**2 - 61*k - 15. Suppose 54*a - 265 - 707 = 0. What is the hundreds digit of i(a)?
1
Let d(q) = q**2 + 6*q - 8. Let g be d(-7). Let y(l) = -145*l**3 - 4*l**2 - 3*l + 1. What is the hundreds digit of y(g)?
1
Suppose 0 = -13*y + 15*y + 5*r + 822, -5*r + 426 = -y. What is the hundreds digit of (y/(-12) - -6)*15?
6
What is the units digit of (71902 - -54) + (1 - 0)?
7
Let w be ((-480)/56)/(4/28). Let k(g) = -20*g - 8. Let f be k(-7). Let n = f + w. What is the units digit of n?
2
Suppose 263803 + 243341 = 57*b - 483402. What is the tens digit of b?
7
Let g(t) = 45*t**2 + 14*t + 38. Suppose -21*r - 6 = -19*r. What is the tens digit of g(r)?
0
What is the tens digit of 16/(112/249977) - 1*-7?
1
Let j(w) = 2*w**2 - 10 + 12*w - 9*w + w**2. Let b be j(-5). Suppose 3*p - 1 = b. What is the units digit of p?
7
Let r be 51/34 + (-402)/(-4). Let c = r + 11. What is the hundreds digit of c?
1
Let d be (6/(-9))/(4/(-42)). Suppose -8*w = -2*w + 24*w - 11340. Suppose d*l - 259 = w. What is the tens digit of l?
9
Let y(m) = 825*m + 1763. What is the hundreds digit of y(20)?
2
Let l(m) = 764*m + 1616. What is the tens digit of l(21)?
6
Let w = -19 - -42. Let j = w - -19. Let u = 36 + j. What is the tens digit of u?
7
Let s = 71 + -54. Suppose -12*d = -s*d + 10. Suppose -2*y = 4*q + d*y + 8, -13 = 4*q + 5*y. What is the units digit of q?
3
Let a = -7089 - -8594. What is the tens digit of a?
0
Let b(r) = r**2 - 22*r + 57. Let w be b(20). Suppose -8352 = w*v - 26*v. What is the tens digit of v?
2
Let w = -293 - -296. Suppose q + 3*q = -w*d + 2600, q - 635 = 3*d. What is the units digit of q?
7
Suppose 33*v + 2454309 = 226*v - 4564908. What is the tens digit of v?
6
Let q(f) = -f**2 + 74*f - 56. Let a(g) = g**3 - 11*g**2 + 6*g + 66. Let d be a(10). What is the hundreds digit of q(d)?
1
Let z = -167 - -169. Suppose -16 = 5*m - m, -z*h + 4*m = -192. What is the tens digit of h?
8
What is the hundreds digit of (18/(-21))/(5*60/(-639800))?
8
Let h = 132 + -108. What is the hundreds digit of ((-12)/h)/(4/(-6728))?
8
Let f be (-1 + 0)/(3/21). Let w(t) = t**3 + 18*t**2 + 2*t - 24. What is the tens digit of w(f)?
0
Let h be -6*(-4 - 52/(-12)) - -4. Suppose h*s = -f + 547, -3*s + 8*s - 2*f - 1363 = 0. What is the hundreds digit of s?
2
Let c = 544 + -286. Suppose -6*t + c = -762. What is the hundreds digit of t?
1
Let f be (2/6)/((-5)/((-63900)/12)). Let c = f - 167. What is the tens digit of c?
8
Suppose 3*l = -4*v + 12168 + 14848, 0 = 2*v - 5*l - 13560. What is the thousands digit of v?
6
Suppose 75*z - 74*z = 3*l + 29712, -5*z + 148452 = 3*l. What is the ten thousands digit of z?
2
Suppose -90955 = -3*i - 2*y, 31093 = i - 3*y + 749. What is the hundreds digit of i?
3
Let l = -23 + 11. Let s = l + 16. Suppose 0 = -2*r - s*k + 54, -k - 19 + 4 = -r. What is the tens digit of r?
1
Suppose 0 = -33*u + 18*u. Suppose u = -5*r - 2*a + 5101, 4*r + 2*a - 6*a = 4092. What is the thousands digit of r?
1
Let k be (-3 - 65/(-25))*20. What is the tens digit of (0 + (-420)/k)*2?
0
Suppose q = 3*g - 141, -144 = -3*g + 3*q - 3. Suppose y + c = 4 + 17, -c + g = 2*y. What is the units digit of y?
6
Let d = 106336 + -54348. What is the units digit of d?
8
Let h = 33 + -31. Let w = h - 8. What is the tens digit of w/(-33) + (-944)/(-11)?
8
Suppose -4*j = 4*g - 935 + 327, 3*j - 2*g - 481 = 0. Let m = -116 + j. What is the units digit of m?
1
Let j(c) = -c**2 + 15*c + 32. Let n be j(16). Suppose -n*q = -11*q - 510. What is the hundreds digit of q?
1
Suppose -3*l = -4*s - 7*l + 1784, -3*l + 450 = s. Suppose -5*t + 440 = -5*j - 0*j, 5*t - j = s. What is the units digit of t?
9
Let m be 2996*35/80 + (-3)/4. Suppose -4*t - i + 3547 = 0, -5*t - i + 3123 + m = 0. What is the units digit of t?
6
Let l(s) = 34*s**2 + 56*s + 500. What is the hundreds digit of l(-42)?
1
Suppose -1008*o + 772*o + 13114520 = 0. What is the hundreds digit of o?
5
Suppose -6 = -2*i - 2. Suppose -d - i*u + 36 = -4, -3*d - u + 140 = 0. What is the units digit of ((-36)/d)/(147/(-72) + 2)?
8
What is the tens digit of ((-4)/(-6))/(20/51150)?
0
Let o = 2051 - -2626. What is the hundreds digit of o?
6
Suppose 2*m + 5*j + 13 = 0, 0*m + j = 4*m - 29. Let